[INFO] fetching crate specs_transform 0.5.0...
[INFO] checking specs_transform-0.5.0 against try#72f88fc4e9458f89516a0b8b0868f3718aec5b47 for pr-74989
[INFO] extracting crate specs_transform 0.5.0 into /workspace/builds/worker-6/source
[INFO] validating manifest of crates.io crate specs_transform 0.5.0 on toolchain 72f88fc4e9458f89516a0b8b0868f3718aec5b47
[INFO] running `Command { std: "/workspace/cargo-home/bin/cargo" "+72f88fc4e9458f89516a0b8b0868f3718aec5b47" "read-manifest" "--manifest-path" "Cargo.toml", kill_on_drop: false }`
[INFO] started tweaking crates.io crate specs_transform 0.5.0
[INFO] finished tweaking crates.io crate specs_transform 0.5.0
[INFO] tweaked toml for crates.io crate specs_transform 0.5.0 written to /workspace/builds/worker-6/source/Cargo.toml
[INFO] running `Command { std: "/workspace/cargo-home/bin/cargo" "+72f88fc4e9458f89516a0b8b0868f3718aec5b47" "generate-lockfile" "--manifest-path" "Cargo.toml" "-Zno-index-update", kill_on_drop: false }`
[INFO] running `Command { std: "/workspace/cargo-home/bin/cargo" "+72f88fc4e9458f89516a0b8b0868f3718aec5b47" "fetch" "--locked" "--manifest-path" "Cargo.toml", kill_on_drop: false }`
[INFO] [stderr]  Downloading crates ...
[INFO] [stderr]   Downloaded shred-derive v0.6.2
[INFO] [stderr]   Downloaded cast_trait v0.1.2
[INFO] [stderr]   Downloaded vec2 v0.2.1
[INFO] [stderr]   Downloaded shred v0.9.4
[INFO] [stderr]   Downloaded mat32 v0.2.1
[INFO] [stderr]   Downloaded mat4 v0.2.1
[INFO] [stderr]   Downloaded specs_scene_graph v0.3.0
[INFO] [stderr]   Downloaded vec3 v0.2.1
[INFO] [stderr]   Downloaded specs v0.15.1
[INFO] [stderr]   Downloaded specs_bundler v0.6.0
[INFO] [stderr]   Downloaded type-name v0.1.0
[INFO] running `Command { std: "docker" "create" "-v" "/var/lib/crater-agent-workspace/builds/worker-6/target:/opt/rustwide/target:rw,Z" "-v" "/var/lib/crater-agent-workspace/builds/worker-6/source:/opt/rustwide/workdir:ro,Z" "-v" "/var/lib/crater-agent-workspace/cargo-home:/opt/rustwide/cargo-home:ro,Z" "-v" "/var/lib/crater-agent-workspace/rustup-home:/opt/rustwide/rustup-home:ro,Z" "-e" "SOURCE_DIR=/opt/rustwide/workdir" "-e" "CARGO_TARGET_DIR=/opt/rustwide/target" "-e" "CARGO_HOME=/opt/rustwide/cargo-home" "-e" "RUSTUP_HOME=/opt/rustwide/rustup-home" "-w" "/opt/rustwide/workdir" "-m" "1610612736" "--user" "0:0" "--network" "none" "rustops/crates-build-env@sha256:d92eaeed33fa75130ca1ee6c8a01d1ffb62bac859dfdfb3450e3e5d1c0146529" "/opt/rustwide/cargo-home/bin/cargo" "+72f88fc4e9458f89516a0b8b0868f3718aec5b47" "metadata" "--no-deps" "--format-version=1", kill_on_drop: false }`
[INFO] [stdout] e12e067cf1e241bd2553dd7eda4926cbf8e43f544a9c95f1977db47b33ab4d71
[INFO] [stderr] WARNING: Your kernel does not support swap limit capabilities or the cgroup is not mounted. Memory limited without swap.
[INFO] running `Command { std: "docker" "start" "-a" "e12e067cf1e241bd2553dd7eda4926cbf8e43f544a9c95f1977db47b33ab4d71", kill_on_drop: false }`
[INFO] running `Command { std: "docker" "inspect" "e12e067cf1e241bd2553dd7eda4926cbf8e43f544a9c95f1977db47b33ab4d71", kill_on_drop: false }`
[INFO] running `Command { std: "docker" "rm" "-f" "e12e067cf1e241bd2553dd7eda4926cbf8e43f544a9c95f1977db47b33ab4d71", kill_on_drop: false }`
[INFO] [stdout] e12e067cf1e241bd2553dd7eda4926cbf8e43f544a9c95f1977db47b33ab4d71
[INFO] running `Command { std: "docker" "create" "-v" "/var/lib/crater-agent-workspace/builds/worker-6/target:/opt/rustwide/target:rw,Z" "-v" "/var/lib/crater-agent-workspace/builds/worker-6/source:/opt/rustwide/workdir:ro,Z" "-v" "/var/lib/crater-agent-workspace/cargo-home:/opt/rustwide/cargo-home:ro,Z" "-v" "/var/lib/crater-agent-workspace/rustup-home:/opt/rustwide/rustup-home:ro,Z" "-e" "SOURCE_DIR=/opt/rustwide/workdir" "-e" "CARGO_TARGET_DIR=/opt/rustwide/target" "-e" "CARGO_INCREMENTAL=0" "-e" "RUST_BACKTRACE=full" "-e" "RUSTFLAGS=--cap-lints=forbid" "-e" "CARGO_HOME=/opt/rustwide/cargo-home" "-e" "RUSTUP_HOME=/opt/rustwide/rustup-home" "-w" "/opt/rustwide/workdir" "-m" "1610612736" "--user" "0:0" "--network" "none" "rustops/crates-build-env@sha256:d92eaeed33fa75130ca1ee6c8a01d1ffb62bac859dfdfb3450e3e5d1c0146529" "/opt/rustwide/cargo-home/bin/cargo" "+72f88fc4e9458f89516a0b8b0868f3718aec5b47" "check" "--frozen" "--all" "--all-targets" "--message-format=json", kill_on_drop: false }`
[INFO] [stderr] WARNING: Your kernel does not support swap limit capabilities or the cgroup is not mounted. Memory limited without swap.
[INFO] [stdout] 7a6f0cf4861dda83452ded6bbc7a2aeb36917ae74f9a1c3542cee40d91c3e757
[INFO] running `Command { std: "docker" "start" "-a" "7a6f0cf4861dda83452ded6bbc7a2aeb36917ae74f9a1c3542cee40d91c3e757", kill_on_drop: false }`
[INFO] [stderr]    Compiling getrandom v0.1.15
[INFO] [stderr]    Compiling proc-macro2 v1.0.21
[INFO] [stderr]    Compiling memchr v2.3.3
[INFO] [stderr]    Compiling version_check v0.9.2
[INFO] [stderr]    Compiling unicode-xid v0.2.1
[INFO] [stderr]    Compiling proc-macro-hack v0.5.18
[INFO] [stderr]    Compiling syn v1.0.40
[INFO] [stderr]     Checking mopa v0.2.2
[INFO] [stderr]     Checking atom v0.3.5
[INFO] [stderr]    Compiling syn v0.15.44
[INFO] [stderr]    Compiling arrayvec v0.4.12
[INFO] [stderr]     Checking ahash v0.3.8
[INFO] [stderr]     Checking arrayvec v0.5.1
[INFO] [stderr]     Checking nodrop v0.1.14
[INFO] [stderr]     Checking shrev v1.1.1
[INFO] [stderr]     Checking cast_trait v0.1.2
[INFO] [stderr]     Checking tuple_utils v0.3.0
[INFO] [stderr]    Compiling serde v1.0.116
[INFO] [stderr]     Checking type-name v0.1.0
[INFO] [stderr]    Compiling rayon v1.4.0
[INFO] [stderr]    Compiling num-traits v0.2.12
[INFO] [stderr]    Compiling hashbrown v0.7.2
[INFO] [stderr]     Checking crossbeam-utils v0.6.6
[INFO] [stderr]    Compiling hashbrown v0.6.3
[INFO] [stderr]    Compiling libc v0.2.77
[INFO] [stderr]     Checking crossbeam-channel v0.4.4
[INFO] [stderr]    Compiling nom v5.1.2
[INFO] [stderr]     Checking crossbeam-queue v0.1.2
[INFO] [stderr]     Checking rayon-core v1.8.0
[INFO] [stderr]    Compiling quote v1.0.7
[INFO] [stderr]    Compiling const-random-macro v0.1.8
[INFO] [stderr]     Checking vec3 v0.2.1
[INFO] [stderr]     Checking vec2 v0.2.1
[INFO] [stderr]     Checking mat4 v0.2.1
[INFO] [stderr]     Checking mat32 v0.2.1
[INFO] [stderr]     Checking const-random v0.1.8
[INFO] [stderr]     Checking ahash v0.2.18
[INFO] [stderr]     Checking tynm v0.1.4
[INFO] [stderr]     Checking hibitset v0.6.3
[INFO] [stderr]     Checking shred v0.10.2
[INFO] [stderr]     Checking specs v0.16.1
[INFO] [stderr]    Compiling derivative v1.0.4
[INFO] [stderr]    Compiling shred-derive v0.6.2
[INFO] [stderr]    Compiling serde_derive v1.0.116
[INFO] [stderr]     Checking specs_bundler v0.6.0
[INFO] [stderr]     Checking shred v0.9.4
[INFO] [stderr]     Checking specs v0.15.1
[INFO] [stderr]     Checking specs_scene_graph v0.3.0
[INFO] [stdout] error[E0599]: no method named `register` found for mutable reference `&'world mut shred::world::World` in the current scope
[INFO] [stdout]   --> /opt/rustwide/cargo-home/registry/src/github.com-1ecc6299db9ec823/specs_scene_graph-0.3.0/src/scene_graph_bundle.rs:43:23
[INFO] [stdout]    |
[INFO] [stdout] 43 |         bundler.world.register::<P>();
[INFO] [stdout]    |                       ^^^^^^^^ method not found in `&'world mut shred::world::World`
[INFO] [stdout]    |
[INFO] [stdout]    = help: items from traits can only be used if the trait is in scope
[INFO] [stdout]    = note: the following trait is implemented but not in scope; perhaps add a `use` for it:
[INFO] [stdout]            `use specs::world::world_ext::WorldExt;`
[INFO] [stdout] 
[INFO] [stdout] 
[INFO] [stdout] error[E0308]: mismatched types
[INFO] [stdout]   --> /opt/rustwide/cargo-home/registry/src/github.com-1ecc6299db9ec823/specs_scene_graph-0.3.0/src/scene_graph_bundle.rs:47:22
[INFO] [stdout]    |
[INFO] [stdout] 47 |         system.setup(&mut bundler.world);
[INFO] [stdout]    |                      ^^^^^^^^^^^^^^^^^^ expected struct `World`, found `&mut shred::world::World`
[INFO] [stdout]    |
[INFO] [stdout]    = note: expected mutable reference `&mut World`
[INFO] [stdout]               found mutable reference `&mut &'world mut shred::world::World`
[INFO] [stdout] 
[INFO] [stdout] 
[INFO] [stdout] error[E0277]: the trait bound `for<'c> SceneGraphSystem<P>: shred::system::System<'c>` is not satisfied
[INFO] [stdout]   --> /opt/rustwide/cargo-home/registry/src/github.com-1ecc6299db9ec823/specs_scene_graph-0.3.0/src/scene_graph_bundle.rs:49:65
[INFO] [stdout]    |
[INFO] [stdout] 49 |         bundler.dispatcher_builder = bundler.dispatcher_builder.with(
[INFO] [stdout]    |                                                                 ^^^^ the trait `for<'c> shred::system::System<'c>` is not implemented for `SceneGraphSystem<P>`
[INFO] [stdout] 
[INFO] [stdout] 
[INFO] [stdout] error: aborting due to 3 previous errors
[INFO] [stdout] 
[INFO] [stdout] 
[INFO] [stdout] Some errors have detailed explanations: E0277, E0308, E0599.
[INFO] [stdout] 
[INFO] [stdout] For more information about an error, try `rustc --explain E0277`.
[INFO] [stdout] 
[INFO] [stderr] error: could not compile `specs_scene_graph`.
[INFO] [stderr] 
[INFO] [stderr] To learn more, run the command again with --verbose.
[INFO] [stderr] warning: build failed, waiting for other jobs to finish...
[INFO] [stderr] error: build failed
[INFO] running `Command { std: "docker" "inspect" "7a6f0cf4861dda83452ded6bbc7a2aeb36917ae74f9a1c3542cee40d91c3e757", kill_on_drop: false }`
[INFO] running `Command { std: "docker" "rm" "-f" "7a6f0cf4861dda83452ded6bbc7a2aeb36917ae74f9a1c3542cee40d91c3e757", kill_on_drop: false }`
[INFO] [stdout] 7a6f0cf4861dda83452ded6bbc7a2aeb36917ae74f9a1c3542cee40d91c3e757
